 f be v(1). Let s = f - -78. Let k = s - -4. Calculate the remainder when 104 is divided by k.
34
Let c(t) = -t**3 - 2*t**2. Let g be c(-2). Suppose y - 1 = -g. Let j(z) = 11*z**3 + 2*z**2 - z. Calculate the remainder when 46 is divided by j(y).
10
Suppose 2 = -3*y + 8. Suppose 4*a = -5*o + 59, y*a + 2*a = 2*o + 38. Calculate the remainder when a is divided by (-33)/(-7) + 6/21.
1
Let g = 617 + 5. Calculate the remainder when g is divided by 24.
22
Let i(z) = -z**3 - z**2 + 26*z + 94. What is the remainder when i(-11) is divided by 336?
10
Let x(u) = -28*u + 6. Let o be x(-6). Suppose 9*z = 3*z + o. Suppose 3*l = -3*f + 36, l - 2*f - 16 = -4*f. What is the remainder when z is divided by l?
5
Suppose 15*b - 389 = 211. Calculate the remainder when 186 is divided by b.
26
Suppose 4*t + r = -589, 3*t + 599 = -t - 3*r. What is the remainder when (1 + 2)*(-4 + t/(-6)) is divided by 32?
29
Suppose -203*i + 1484 = -196*i. Calculate the remainder when i is divided by 107.
105
Suppose -10 = -26*p + 24*p. Suppose 3*k = -p*g + 49, -2*k = -4*k - 4. What is the remainder when 18 is divided by g?
7
Suppose b = 6*b - 205. Let c(f) = 4*f + 84. Let w(d) = 2*d + 42. Let a(n) = 4*c(n) - 9*w(n). What is the remainder when b is divided by a(-28)?
13
Let y(i) = i**2 + 3*i + 5. Let a be 21/(-9)*-3*1. Let u = a + -14. What is the remainder when y(u) is divided by 18?
15
Let v(i) = i**3 - 2*i**2 + i + 2. Let s be v(3). Let a = -12 + s. Suppose -5*b + a = -3*b. Calculate the remainder when b is divided by 1.
0
What is the remainder when 1869 is divided by (-2493)/(-45) - ((-12)/20 - -1)?
54
Let o(w) = -10*w + 106. What is the remainder when o(4) is divided by 32?
2
Suppose 5*q - 426 = q + 2*d, -q + 4*d = -96. Calculate the remainder when q is divided by 42.
24
Suppose -4*v = -2*r + 8, -32 = -2*v - 5*r - 12. What is the remainder when 61 is divided by (v + -1 - -4)*(-464)/(-87)?
13
Suppose 63 = 6*w - 15. Calculate the remainder when 58 is divided by w.
6
Let j = 1816 + -1775. Calculate the remainder when 819 is divided by j.
40
Let t = 15 + 68. Let l = -51 + t. Calculate the remainder when l is divided by 11.
10
Let z = 35 - 34. Let q(m) = -10 + z + 0 - 3*m. Calculate the remainder when 59 is divided by q(-10).
17
Suppose -r + 115 = 2*t, 4*r + 3*t = r + 357. What is the remainder when r is divided by 64?
59
Let k = 560 - 520. What is the remainder when k is divided by 27?
13
Suppose l - 1226 = -5*d + 5*l, 2*d - 4*l = 488. Calculate the remainder when d is divided by 31.
29
Let c(p) = p**2 + 4*p - 6. Let o be c(-6). Suppose -o*t + a = -t - 15, 4*t - 4*a - 28 = 0. Calculate the remainder when (t + -3)*(-11)/1 is divided by 6.
5
Let q be ((-4)/(-6))/(2/(-30)). Let d = 36 - 8. What is the remainder when d is divided by (-98)/q + (-1)/(-5)?
8
Let x = -56 + 56. Suppose 4*v + x*r = -3*r + 180, -2*r = 8. Calculate the remainder when v is divided by 25.
23
Calculate the remainder when 2/15*1 + 2793/315 is divided by 4.
1
Suppose 4*d = f - 24, -4*d + 2*f = -9*d - 30. Let k(l) = -l**3 - 8*l**2 - 16*l + 9. Calculate the remainder when 63 is divided by k(d).
30
Let x(r) = -2*r - 30. Suppose 2*q - 41 = 9. What is the remainder when q is divided by x(-22)?
11
Let t = 22 + -6. Let x = -2 + t. Calculate the remainder when 97 is divided by x.
13
Suppose 2*s + 43 = 3*s. What is the remainder when s is divided by (-4)/(20/(-53)) + 8/20?
10
Suppose c - 90 = -2*c. Let u = c + -22. What is the remainder when 21 is divided by u?
5
Suppose 4*s = -5*h + 3*s + 199, -3*h + s + 113 = 0. Calculate the remainder when 77 is divided by h.
38
Let u = -14 - -17. Let i(m) = m**2 - m + 1. What is the remainder when 17 is divided by i(u)?
3
What is the remainder when 69 is divided by 28/4*(-140)/(-49)?
9
Suppose 2*q + 3*x - 343 = 0, 0 = 309*q - 308*q + 2*x - 174. Calculate the remainder when q is divided by 26.
8
Let d(h) = h**3 + 14*h**2 + 23*h + 16. What is the remainder when 146 is divided by d(-12)?
6
Suppose -4*c - 4*a + 9576 = 0, 34*a - 2406 = -c + 36*a. What is the remainder when c is divided by 10?
8
Let r be (-24)/40 - 6/(-10). What is the remainder when 11 is divided by r/(-1*2/2) + 5?
1
Let l(d) = d**2 + 30*d + 111. Calculate the remainder when l(-27) is divided by 5.
0
Let n = 1821 - 1817. Let j(m) = -2*m + 8. Let q be j(-8). Let h = 42 - q. What is the remainder when h is divided by n?
2
Suppose 6*h + 0*h = 810. Suppose -3*v = 2*v - h. Calculate the remainder when 79 is divided by v.
25
Let s(k) = -k**2 + 8*k + 126. Calculate the remainder when 198 is divided by s(14).
30
Let i(w) = -92*w - 11. Let p be i(-6). Let d = p + -316. Suppose -3*y = 2*y - d. Calculate the remainder when y is divided by 16.
13
Let b(o) = -o**2 - 8*o + 11. Let g be b(-8). Let w = g - 9. Suppose -w*h + h - 4 = -4*j, -4*j = 5*h - 52. What is the remainder when 38 is divided by h?
6
Let o be (-7)/((-147)/18)*-14. Let x = 19 + o. Suppose 2*f + 30 = 4*u + 4, -3 = -2*u - f. What is the remainder when x is divided by u?
3
Let b(a) = a**3 + 7*a**2 - 6*a - 14. Let t be b(-8). What is the remainder when ((-58)/10)/(6/t) is divided by 10?
9
Suppose 11 = q - 7. Let j be (2 + -49)*(-8)/(-8). Let y = j - -99. Calculate the remainder when y is divided by q.
16
Suppose 0 = -17*r + 2*r + 750. Calculate the remainder when r is divided by 35.
15
Suppose 9 = -6*x - 39. Calculate the remainder when 1*(2 + -2 + 23) is divided by (9/(-9))/(1/x).
7
Suppose 3*j + 5*d - 200 = 0, -172 = -j - 2*j + 2*d. Calculate the remainder when 238 is divided by j.
58
Suppose 3*g - 5*g = -6, -5*o - 4*g = -462. Suppose -6*y = -y - o. Calculate the remainder when 89 is divided by y.
17
Let r(o) be the first derivative of -o**2/2 - 3*o - 4. Let d(y) = -y**3 - 14*y**2 - 2*y - 13. What is the remainder when d(-14) is divided by r(-9)?
3
Let s = 8 + 6. Suppose -33*x + 12*x = -105. Calculate the remainder when s is divided by x.
4
Let w(m) = -37*m**3 + 3*m**2 - 3*m. Let r be w(1). Calculate the remainder when (r/(-5))/(2/10) is divided by 20.
17
Suppose 0 = -2*q - 1 + 5. Suppose 175 = q*m + 3*m. Let j = m - 20. What is the remainder when 29 is divided by j?
14
Let i = -1114 - -1122. What is the remainder when 10 is divided by i?
2
Suppose 3*m - 28 = m - 4*y, -25 = -2*m - 5*y. Calculate the remainder when 79 is divided by m.
19
Let i = 159 + 287. What is the remainder when i is divided by 64?
62
Suppose 7*h - 11*h + 52 = 0. Let r = -115 + 179. What is the remainder when r is divided by h?
12
Suppose 2*r + 10 = -3*r, 3*r - 24 = -3*o. Suppose -216 = -o*q + 4. What is the remainder when 37 is divided by q?
15
Let x(y) = 4*y**2 - 44*y - 1. What is the remainder when 103 is divided by x(13)?
0
Let n(g) = 231*g - 353. Suppose p + 8 = 24. What is the remainder when n(2) is divided by p?
13
Let p(t) = -2*t - 19. Let r be ((-5)/20*-4)/(2/(-32)). What is the remainder when p(r) is divided by 9?
4
Let p be (9/(-12))/((-1)/(-4)). Let h be 14/((6/(-8))/p). Let f = 98 - h. Calculate the remainder when f is divided by 22.
20
Let w(o) = -2*o. Suppose -54 = -6*c + 78. Calculate the remainder when c is divided by w(-4).
6
Suppose 9*s - 1260 = -21*s. What is the remainder when 206 is divided by s?
38
Suppose -15*f = -11*f + 5*b - 432, 5*f = -4*b + 531. Let o(g) = g**2 + 3*g - 5. Calculate the remainder when f is divided by o(5).
33
Suppose 8*t = 5*t + 63. Let d(m) = -m**2 + 6*m - 14. Let a be d(8). Let o = 10 - a. What is the remainder when o is divided by t?
19
Suppose j - 37 = 63. What is the remainder when j is divided by 21?
16
Suppose 0 = -5*q - 347 + 1342. Suppose 3*k - 21 = -y + 37, 4*y + k - q = 0. What is the remainder when y is divided by 13?
10
Let n(o) = o**3 + 8*o**2 + 10. Let u be (2 - 0)*(19 + -1). Suppose -3*c = -5*h - u, 0 = -5*c + h - 5*h + 97. Calculate the remainder when c is divided by n(-8).
7
Suppose -81 = -21*s - 1698. Let u be (-2)/3*3 - 33. Let a = u - s. What is the remainder when a is divided by 11?
9
Suppose -14*w - 404 = -19*w - s, -4*s = -4*w + 328. Calculate the remainder when 566 is divided by w.
80
Suppose 5*c + 20 = 4*k + 7, -2*k + 9 = -5*c. Suppose i - 1 = k. Calculate the remainder when 10 is divided by i.
1
Let s = -305 - -325. What is the remainder when 737 is divided by s?
17
Calculate the remainder when 6 + 283402/155 + (-9)/(-15) is divided 